are the prime factors of z?
7
Let t(r) = r**2 - 5*r + 6. Suppose -3*y = 5*n - 32, y + 0*n = -4*n + 20. Let g be t(y). Suppose 0*a - g*a = -8. List the prime factors of a.
2
Suppose 3*a - 164 = -a. What are the prime factors of a?
41
Let j(b) = -7*b + 1. Let h(w) = -28*w + 5. Let z(m) = -2*h(m) + 9*j(m). Let v be z(-3). Suppose 0 = c + c - v. What are the prime factors of c?
2, 5
Let d be (2 - 2 - -1)*-7. Let p = d + 24. What are the prime factors of p?
17
Let y(a) = -29*a**3 + a**2 - 2. What are the prime factors of y(-2)?
2, 3, 13
Suppose 0*k = 3*u - 5*k - 11, 5*k - 10 = 0. List the prime factors of u.
7
Suppose -5*y + 5*u - 4 = 1, -3*u + 5 = -y. Let l(m) = 18*m**3 + 2*m**2 - m. List the prime factors of l(y).
19
Suppose 0*u + 224 = 4*u. What are the prime factors of u?
2, 7
Suppose -3*c + 10 + 2 = 0. Suppose -3*n - 3 = -5*g + 5, 0 = n - c*g + 12. Let v(s) = s**2 - 3*s - 2. List the prime factors of v(n).
2
Let v be (-2)/3 + (-3849)/(-9). List the prime factors of v/49 - 2/(-7).
3
Let l be (-15)/(-2)*(-20)/25. Let h = l + 14. Suppose -b + h = b. List the prime factors of b.
2
Suppose -5*f - 16 = -46. Suppose -i + 3 = f. Let o = i + 6. What are the prime factors of o?
3
List the prime factors of 6 - (-20)/5 - 1*2.
2
Let p = -40 - -5. Let o = 52 + p. What are the prime factors of o?
17
Let f be (-2)/(-8) - (-30)/8. Suppose -5*g + 19 = -2*m, 0 = 2*g - 0*g + f*m + 2. Suppose g*k - 14 = 1. List the prime factors of k.
5
Let h(u) = -u**2 - 8*u + 4. Let k = 13 + -8. Suppose -25 = k*q - 0*q. List the prime factors of h(q).
19
Suppose 5*r - 7 - 8 = 0. Let b = -2 + r. Suppose 0 = -3*x + 10 - b. What are the prime factors of x?
3
What are the prime factors of (4/(-8))/(3/(-138))?
23
Suppose -4*k = 2*b + b - 137, b - k = 41. Let i = b + -8. List the prime factors of i.
5, 7
Let o be -2 + 1 + 0 + 13. Let d = -7 + o. List the prime factors of d/(10/12) - 1.
5
List the prime factors of (1 - 0)*(26 + -1).
5
Suppose 5*n + 2*s = -2, 2*n + 2*s - s = 0. Let p = 5 + n. What are the prime factors of p?
3
Let m(x) = -x**3 + 5*x**2 + 4*x + 5. Let z(o) = o**2 - 3*o - 5. Let w be z(5). List the prime factors of m(w).
5
Suppose 0 = -36*i + 32*i + 76. List the prime factors of i.
19
Suppose 4*q - 3*y + 15 + 177 = 0, -y - 240 = 5*q. Let b = -24 - q. What are the prime factors of b?
2, 3
Suppose -4*l + 28 = 3*j - 19, 0 = 3*l - 5*j - 57. Let u be 4/14 + 38/l. Suppose -2*g + 13 = u. List the prime factors of g.
5
Suppose -5*m = -4*b + 2*b - 184, 0 = -2*m + 5*b + 61. Suppose 2*c - m = 8. List the prime factors of c.
23
Let g be (-572)/(-6) - 1/3. Suppose 5*q - g = -5*y, 3*q - 47 + 109 = 4*y. Suppose 5*v = -2*l - y, -2*v = 2*l + 2*l - 6. List the prime factors of l.
2
Suppose -2*y = 2*y - 112. Let g = -13 + y. Suppose j - g = -r, -r - 4*j + j = -19. List the prime factors of r.
13
Suppose -73 - 63 = -2*p. Suppose 8 = 2*z, -5*z + p = 4*c - 0*z. List the prime factors of c.
2, 3
Let i be 30/(-5)*10/(-3). Suppose -v = -3*s + 48 - 16, 5*s = -5*v + i. List the prime factors of s.
3
Suppose -4*l + 17 = s, -5*l + 14 = 3*s - 2. Suppose f - 6*n + n = 35, l*n + 5 = -f. List the prime factors of f.
3, 5
Let w(v) = -4*v + 13. List the prime factors of w(-6).
37
Suppose 11 = 5*r - 144. What are the prime factors of r?
31
Suppose f + 2 = 4, 0 = 5*x + 2*f + 46. Let l = -16 - x. What are the prime factors of (l/(-9))/(1/15)?
2, 5
Suppose -3*k + 4 = -17. Suppose 20 + k = l + 3*o, 2*o - 81 = -3*l. What are the prime factors of l?
3
Let q = -103 - -184. Suppose 0 = 5*k - 3*v + q, -v + 2*v + 3 = 0. Let s = k - -29. What are the prime factors of s?
11
Let y be 4/(-6)*-3*11. Suppose y = -m + 3*m. What are the prime factors of m?
11
Let w(b) = -4*b - 2 + b + 1. Let l be w(-2). Suppose -25 = -l*a, -3*v - 2*v + a = -55. What are the prime factors of v?
2, 3
Suppose -17*n + 85 = -12*n. List the prime factors of n.
17
Let n be (1/(-3))/((-2)/18). Suppose 78 = 3*t + 2*c, -11 = t + 2*c - 33. Suppose n*h - t = h. What are the prime factors of h?
2, 7
Suppose -5*o - 13 + 38 = 0. Suppose 4*h = -2*j + 56, -2*h - 75 = -o*j + h. List the prime factors of j.
2, 3
What are the prime factors of (-348)/(-10) + ((-112)/35)/4?
2, 17
List the prime factors of ((-6770)/(-12))/5 + (-2)/(-12).
113
Suppose -9 = -3*i, 253 = 3*z + 2*i - 176. List the prime factors of z.
3, 47
Let m = 31 + -11. Suppose -n = 3*u - 83, 21 + m = u + 3*n. List the prime factors of u.
2, 13
Let k(f) = -11*f - 1. List the prime factors of k(-4).
43
Let n(q) = 5*q**2 - 5*q - 7. What are the prime factors of n(-3)?
53
Suppose -4*g = 2*w - 2*g - 8, 0 = 3*g. Suppose -4*v + 4*o + 36 = 0, 0 = w*v - 4*o + 3*o - 27. List the prime factors of (-8)/(-12) - (-110)/v.
19
List the prime factors of 65 + (-4)/(-4) + -6 + 3.
3, 7
Suppose 4*p = 66 + 526. Suppose 5*f + 0 = -5, 2*f = -5*q + p. Suppose -q = -3*u - 2*u. What are the prime factors of u?
2, 3
Let u(n) = n**3 - 2*n**2 - 2. Let a be u(2). What are the prime factors of (-27)/18 + (-27)/a?
2, 3
What are the prime factors of 4 + (0 - 1) + (-262)/(-2)?
2, 67
Let i(c) = -3*c**3 + 4*c**2 + 4*c + 3. What are the prime factors of i(-2)?
5, 7
Let s be 9/2 - 3/6. Suppose 0*w - s*w + 12 = 0. Suppose 4*m = 0, -c - w*c + 4*m = -12. List the prime factors of c.
3
Suppose u = -u + 150. List the prime factors of u.
3, 5
Let y(s) = -s**2 + 4*s - 3. Let j be y(-4). Let v = -23 - j. Suppose t + 2 = q - 2, -5*q + v = -t. What are the prime factors of q?
2
Suppose 5*c - 151 = 2*x, -x - 91 = -3*c - 0*x. What are the prime factors of c?
31
Suppose -x = 3*x - 8. What are the prime factors of x?
2
Let t be (-64)/(-24)*(-3)/(-2). Suppose t*q = 15 + 1. What are the prime factors of q?
2
Let s(l) = l**2 + 26*l + 60. List the prime factors of s(-26).
2, 3, 5
Suppose -4*l - 7*l + 1595 = 0. List the prime factors of l.
5, 29
Let z = 633 + -390. List the prime factors of z.
3
Suppose -3*z + 377 = -4*w - 30, 526 = 4*z + 3*w. Suppose 2*p + 3*p - 2*m - z = 0, -p - 4*m = -31. What are the prime factors of p?
3
Let x(f) = 5*f**3 - 2*f**2 + 1. Let d(q) = q**3 + 2*q**2 - 2*q - 1. Let r be d(-2). Let g = r + -2. What are the prime factors of x(g)?
2
Let l = -36 + 63. Let d = l + -11. Suppose 0*o + q = 4*o - 59, 2*o - d = -4*q. What are the prime factors of o?
2, 7
Let z(x) be the first derivative of 5*x**2/2 - 2*x + 1. What are the prime factors of z(3)?
13
Suppose -5*a + 0 + 10 = 0. What are the prime factors of a?
2
Suppose 32 = 3*l + 2*q, l + 4*q - 3 = 1. List the prime factors of l.
2, 3
Let r(n) = n**3 - 8*n**2 + 8*n + 11. List the prime factors of r(7).
2, 3
Let i(h) = -h + 4. Let q be i(0). Let s be 0 + q + 4 + -4. Suppose -k = -s*a + 3*k + 32, 0 = 5*a + 5*k. What are the prime factors of a?
2
Let u be ((-8)/10)/(28/(-70)). Suppose -u*m + 92 = 24. What are the prime factors of m?
2, 17
Let v be (-294)/(-15) - (-2)/5. Let f = v - 8. List the prime factors of (-4)/(3/f*-2).
2
Let y be ((-3)/9)/(1/(-39)). Let h(a) = -a**3 - 8*a**2 - 9*a - 9. Let p be h(-7). Suppose -y = -p*l + 7. What are the prime factors of l?
2
Suppose -5*k = 3*p - 12 - 2, 0 = 5*p - 2*k + 18. Let m be (-35)/(-5)*(0 - 1). What are the prime factors of (-68)/m + p/(-7)?
2, 5
Let h = 8 + 0. What are the prime factors of h?
2
Let w = 58 - -13. What are the prime factors of w?
71
Let h(t) = -4*t - 3. Let r be h(-2). Suppose r*o - 9 = 1. List the prime factors of o.
2
Suppose 5*p = 5*a - 602 + 27, -2*p + 490 = 4*a. List the prime factors of a.
2, 3, 5
Suppose 9*n - 11*n = -34. What are the prime factors of n?
17
Let s(h) = -2*h**2 - h - 5. Let r(g) = -g. Let v(y) = -4*r(y) - s(y). Let d(x) = -5*x**3 + x**2 - 2*x + 2. Let z be d(1). What are the prime factors of v(z)?
17
Suppose 11 = 3*l - 34. What are the prime factors of l?
3, 5
Let s = 7 - 4. Let q be (0/1)/(-3 + 4). Suppose q*n - s = -n. List the prime factors of n.
3
Suppose -240 = -5*y - 0*y. What are the prime factors of y?
2, 3
Let n = 14 - 10. Let v(y) = y**2 - 2*y - 5. Let b be v(n). Suppose 0 = b*i - 3*d + 5*d - 46, 3*i + d = 47. What are the prime factors of i?
2
Let z be ((-12)/(-3))/((-2)/(-10)). Suppose z = 2*b + 3*b. List the prime factors of 67/5 - b/10.
13
Suppose 5*f + 58 = 3*x, -5*f = -x + 15 + 41. Let c = 15 + f. What are the prime factors of c/14 + 183/21?
3
Let v(f) = -f**3 - 5*f**2 - 4*f - 5. List 